{"id":2373,"date":"2025-02-14T16:22:47","date_gmt":"2025-02-14T19:22:47","guid":{"rendered":"https:\/\/loja.hunas.com.br\/index.php\/produto\/anel-concavo\/"},"modified":"2025-02-14T16:24:04","modified_gmt":"2025-02-14T19:24:04","slug":"anel-concavo","status":"publish","type":"product","link":"https:\/\/loja.hunas.com.br\/index.php\/produto\/anel-concavo\/","title":{"rendered":"Anel C\u00f4ncavo"},"content":{"rendered":"<p>Nosso anel &#8220;C\u00f4ncavo&#8221; \u00e9 feito do material alum\u00ednio, sendo leve e resistente \u00e0 corros\u00e3o, hipoalerg\u00eanico e de f\u00e1cil limpeza.<\/p>\n","protected":false},"excerpt":{"rendered":"<p>Nosso anel C\u00f4ncavo \u00e9 feito de alum\u00ednio sendo um material leve e resistente \u00e0 corros\u00e3o, hipoalerg\u00eanico perfeito para peles sens\u00edveis e um anel f\u00e1cil de limpar e manter o brilho. Al\u00e9m de ser perfeito para o uso di\u00e1rio ele complementa seus looks.<\/p>\n<p>Tamanhos: do 17 ao 23<\/p>\n","protected":false},"featured_media":2371,"comment_status":"open","ping_status":"closed","template":"","meta":[],"product_brand":[],"product_cat":[16],"product_tag":[68,57,60,50,64,72,26,27,28,31,32,35,40],"class_list":{"0":"post-2373","1":"product","2":"type-product","3":"status-publish","4":"has-post-thumbnail","6":"product_cat-anel","7":"product_tag-acessories-2","8":"product_tag-acessorio","9":"product_tag-aluminio","10":"product_tag-anel","11":"product_tag-hunas-acessorios","12":"product_tag-luxo-2","13":"product_tag-elegancia","14":"product_tag-estilo","15":"product_tag-exclusividade","16":"product_tag-feitoamao","17":"product_tag-feitocomamor","18":"product_tag-hunas_acessorios","19":"product_tag-moda","21":"first","22":"instock","23":"shipping-taxable","24":"purchasable","25":"product-type-simple"},"aioseo_notices":[],"jetpack_sharing_enabled":true,"jetpack_likes_enabled":true,"_links":{"self":[{"href":"https:\/\/loja.hunas.com.br\/index.php\/wp-json\/wp\/v2\/product\/2373","targetHints":{"allow":["GET"]}}],"collection":[{"href":"https:\/\/loja.hunas.com.br\/index.php\/wp-json\/wp\/v2\/product"}],"about":[{"href":"https:\/\/loja.hunas.com.br\/index.php\/wp-json\/wp\/v2\/types\/product"}],"replies":[{"embeddable":true,"href":"https:\/\/loja.hunas.com.br\/index.php\/wp-json\/wp\/v2\/comments?post=2373"}],"wp:featuredmedia":[{"embeddable":true,"href":"https:\/\/loja.hunas.com.br\/index.php\/wp-json\/wp\/v2\/media\/2371"}],"wp:attachment":[{"href":"https:\/\/loja.hunas.com.br\/index.php\/wp-json\/wp\/v2\/media?parent=2373"}],"wp:term":[{"taxonomy":"product_brand","embeddable":true,"href":"https:\/\/loja.hunas.com.br\/index.php\/wp-json\/wp\/v2\/product_brand?post=2373"},{"taxonomy":"product_cat","embeddable":true,"href":"https:\/\/loja.hunas.com.br\/index.php\/wp-json\/wp\/v2\/product_cat?post=2373"},{"taxonomy":"product_tag","embeddable":true,"href":"https:\/\/loja.hunas.com.br\/index.php\/wp-json\/wp\/v2\/product_tag?post=2373"}],"curies":[{"name":"wp","href":"https:\/\/api.w.org\/{rel}","templated":true}]}}