{"id":2366,"date":"2025-02-14T14:56:12","date_gmt":"2025-02-14T17:56:12","guid":{"rendered":"https:\/\/loja.hunas.com.br\/index.php\/produto\/anel-oval\/"},"modified":"2025-02-14T16:23:53","modified_gmt":"2025-02-14T19:23:53","slug":"anel-oval","status":"publish","type":"product","link":"https:\/\/loja.hunas.com.br\/index.php\/produto\/anel-oval\/","title":{"rendered":"Anel Oval"},"content":{"rendered":"<p>Anel Oval \u00e9 feito do material alum\u00ednio, sendo antioxidante, hipoalerg\u00eanico e de f\u00e1cil limpeza.<\/p>\n","protected":false},"excerpt":{"rendered":"<p>O anel oval \u00e9 uma joia feita de alum\u00ednio, sendo um material leve e dur\u00e1vel, \u00e9 resistente \u00e0 corros\u00e3o e tamb\u00e9m \u00e9 hipoalerg\u00eanico ideal para as peles mais sens\u00edveis. \u00c9 uma escolha perfeita para diversos estilos e diversas ocasi\u00f5es.<\/p>\n<p>Tamanhos: do 17 ao 25<\/p>\n","protected":false},"featured_media":2363,"comment_status":"open","ping_status":"closed","template":"","meta":[],"product_brand":[],"product_cat":[16],"product_tag":[68,57,60,50,70,69,64,72,31,32],"class_list":{"0":"post-2366","1":"product","2":"type-product","3":"status-publish","4":"has-post-thumbnail","6":"product_cat-anel","7":"product_tag-acessories-2","8":"product_tag-acessorio","9":"product_tag-aluminio","10":"product_tag-anel","11":"product_tag-elegancia-2","12":"product_tag-estilo-2","13":"product_tag-hunas-acessorios","14":"product_tag-luxo-2","15":"product_tag-feitoamao","16":"product_tag-feitocomamor","18":"first","19":"instock","20":"shipping-taxable","21":"purchasable","22":"product-type-simple"},"aioseo_notices":[],"jetpack_sharing_enabled":true,"jetpack_likes_enabled":true,"_links":{"self":[{"href":"https:\/\/loja.hunas.com.br\/index.php\/wp-json\/wp\/v2\/product\/2366","targetHints":{"allow":["GET"]}}],"collection":[{"href":"https:\/\/loja.hunas.com.br\/index.php\/wp-json\/wp\/v2\/product"}],"about":[{"href":"https:\/\/loja.hunas.com.br\/index.php\/wp-json\/wp\/v2\/types\/product"}],"replies":[{"embeddable":true,"href":"https:\/\/loja.hunas.com.br\/index.php\/wp-json\/wp\/v2\/comments?post=2366"}],"wp:featuredmedia":[{"embeddable":true,"href":"https:\/\/loja.hunas.com.br\/index.php\/wp-json\/wp\/v2\/media\/2363"}],"wp:attachment":[{"href":"https:\/\/loja.hunas.com.br\/index.php\/wp-json\/wp\/v2\/media?parent=2366"}],"wp:term":[{"taxonomy":"product_brand","embeddable":true,"href":"https:\/\/loja.hunas.com.br\/index.php\/wp-json\/wp\/v2\/product_brand?post=2366"},{"taxonomy":"product_cat","embeddable":true,"href":"https:\/\/loja.hunas.com.br\/index.php\/wp-json\/wp\/v2\/product_cat?post=2366"},{"taxonomy":"product_tag","embeddable":true,"href":"https:\/\/loja.hunas.com.br\/index.php\/wp-json\/wp\/v2\/product_tag?post=2366"}],"curies":[{"name":"wp","href":"https:\/\/api.w.org\/{rel}","templated":true}]}}