{"id":57,"date":"2020-09-23T06:40:30","date_gmt":"2020-09-23T09:40:30","guid":{"rendered":"http:\/\/loja.hunas.com.br\/?page_id=57"},"modified":"2025-03-09T20:05:30","modified_gmt":"2025-03-09T23:05:30","slug":"bem-vindo-a-nossa-loja","status":"publish","type":"page","link":"https:\/\/loja.hunas.com.br\/","title":{"rendered":"\ud83c\udf1f **Bem-vindo \u00e0 HUNAS Acess\u00f3rios \ud83c\udf1f"},"content":{"rendered":"\n<h3 class=\"wp-block-heading has-text-align-center\"><\/h3>\n\n\n\n<p>Descubra a beleza e a singularidade dos nossos acess\u00f3rios artesanais, feitos com dedica\u00e7\u00e3o, amor e alma!<\/p>\n\n\n\n<p>Cada pe\u00e7a \u00e9 \u00fanica, refletindo o talento e a criatividade que colocamos em cada cria\u00e7\u00e3o.<\/p>\n\n\n\n<p>\u2728 <strong>Por que escolher nossos acess\u00f3rios?<\/strong><\/p>\n\n\n\n<ul class=\"wp-block-list\">\n<li><strong>Feitos \u00e0 m\u00e3o:<\/strong> Cada item \u00e9 cuidadosamente elaborado, garantindo qualidade e originalidade.<\/li>\n\n\n\n<li><strong>Design exclusivo:<\/strong> Nossos acess\u00f3rios s\u00e3o pensados para real\u00e7ar sua beleza e estilo pessoal.<\/li>\n\n\n\n<li><strong>Sustentabilidade:<\/strong> Utilizamos materiais que respeitam o meio ambiente, promovendo uma moda consciente.<\/li>\n\n\n\n<li><strong>Res\u00edduo Zero:<\/strong> Comprometemo-nos com pr\u00e1ticas de produ\u00e7\u00e3o que minimizam o desperd\u00edcio, garantindo que cada material seja aproveitado ao m\u00e1ximo.<\/li>\n<\/ul>\n\n\n\n<p>Explore nossa cole\u00e7\u00e3o e encontre aquela pe\u00e7a que vai transformar o seu look!<\/p>\n\n\n\n<p class=\"has-text-align-center\">\ud83c\udf38 <strong>[Confira nossas novidades!]<\/strong> \ud83c\udf38<\/p>\n\n\n\n<hr class=\"wp-block-separator has-alpha-channel-opacity\"\/>\n\n\n\n<p class=\"has-text-align-center\"><\/p>\n\n\n\n<div data-align-buttons=\"false\" data-block-name=\"woocommerce\/all-products\" data-columns=\"3\" data-content-visibility=\"{&quot;orderBy&quot;:true}\" data-layout-config=\"[[&quot;woocommerce\\\/product-image&quot;],[&quot;woocommerce\\\/product-title&quot;],[&quot;woocommerce\\\/product-price&quot;],[&quot;woocommerce\\\/product-rating&quot;],[&quot;woocommerce\\\/product-button&quot;]]\" data-orderby=\"date\" data-rows=\"3\" class=\"wp-block-woocommerce-all-products wc-block-all-products\" data-attributes=\"{&quot;alignButtons&quot;:false,&quot;columns&quot;:3,&quot;contentVisibility&quot;:{&quot;orderBy&quot;:true},&quot;isPreview&quot;:false,&quot;layoutConfig&quot;:[[&quot;woocommerce\/product-image&quot;],[&quot;woocommerce\/product-title&quot;],[&quot;woocommerce\/product-price&quot;],[&quot;woocommerce\/product-rating&quot;],[&quot;woocommerce\/product-button&quot;]],&quot;orderby&quot;:&quot;date&quot;,&quot;rows&quot;:3}\"><\/div>\n\n\n\n<p class=\"has-text-align-center has-normal-font-size\"><strong>Em at\u00e9 4 vezes sem juros <\/strong><\/p>\n\n\n\n<p class=\"has-text-align-center\"><strong>v\u00e1lido para todos os produtos<\/strong>.<\/p>\n\n\n<div class=\"wp-block-image\">\n<figure class=\"aligncenter size-large is-resized\"><img loading=\"lazy\" decoding=\"async\" width=\"772\" height=\"1024\" src=\"https:\/\/loja.hunas.com.br\/wp-content\/uploads\/2021\/09\/WhatsApp-Image-2021-09-16-at-4.46.12-PM-772x1024.jpeg\" alt=\"\" class=\"wp-image-905\" style=\"width:557px;height:739px\" srcset=\"https:\/\/loja.hunas.com.br\/wp-content\/uploads\/2021\/09\/WhatsApp-Image-2021-09-16-at-4.46.12-PM-772x1024.jpeg 772w, https:\/\/loja.hunas.com.br\/wp-content\/uploads\/2021\/09\/WhatsApp-Image-2021-09-16-at-4.46.12-PM-416x552.jpeg 416w, https:\/\/loja.hunas.com.br\/wp-content\/uploads\/2021\/09\/WhatsApp-Image-2021-09-16-at-4.46.12-PM-226x300.jpeg 226w, https:\/\/loja.hunas.com.br\/wp-content\/uploads\/2021\/09\/WhatsApp-Image-2021-09-16-at-4.46.12-PM-768x1019.jpeg 768w, https:\/\/loja.hunas.com.br\/wp-content\/uploads\/2021\/09\/WhatsApp-Image-2021-09-16-at-4.46.12-PM.jpeg 965w\" sizes=\"auto, (max-width: 772px) 100vw, 772px\" \/><\/figure>\n<\/div>\n\n\n<h2 class=\"wp-block-heading has-text-align-center\" id=\"instagram\"> <strong><a href=\"https:\/\/www.instagram.com\/hunas_acessorios\">Instagram<\/a><\/strong><\/h2>\n\n\n\n<h4 class=\"wp-block-heading has-text-align-center\" id=\"mercadao-da-prochet-loja-53av-harry-prochet-305\"><strong>Mercad\u00e3o da Prochet Loja 53<br>Av. Harry Prochet, 305<\/strong><\/h4>\n\n\n\n<h4 class=\"wp-block-heading has-text-align-center\" id=\"jardim-mediterraneo-londrina-pr-86047-040\"><strong>Jardim Mediterr\u00e2neo, Londrina &#8211; PR, 86047-040<\/strong><\/h4>\n\n\n\n<h4 class=\"wp-block-heading has-text-align-center\" id=\"telefone-55-43-3341-8285\"><strong>Telefone: +55 43 3341-8285<\/strong><\/h4>\n\n\n\n<h4 class=\"wp-block-heading has-text-align-center\" id=\"celular-whatsapp-55-43-98447-4285\"><strong>Celular\/WhatsApp: +55 43 98447-4285<\/strong><\/h4>\n\n\n\n<h4 class=\"wp-block-heading has-text-align-center\" id=\"cnpj-21-008-089-0001-02\"><strong>CNPJ: 21.008.089\/0001-02<\/strong><\/h4>\n\n\n\n<p class=\"has-text-align-center\"><a rel=\"noreferrer noopener\" href=\"https:\/\/maps.app.goo.gl\/4XxMfALLqDj6AvNz5\" target=\"_blank\">Localiza\u00e7\u00e3o<\/a><\/p>\n\n\n<div class=\"wp-block-image\">\n<figure class=\"aligncenter size-full is-resized\"><img loading=\"lazy\" decoding=\"async\" width=\"382\" height=\"132\" src=\"https:\/\/loja.hunas.com.br\/wp-content\/uploads\/2021\/09\/SiteSeguro03.jpg\" alt=\"\" class=\"wp-image-897\" style=\"width:382px;height:132px\" srcset=\"https:\/\/loja.hunas.com.br\/wp-content\/uploads\/2021\/09\/SiteSeguro03.jpg 382w, https:\/\/loja.hunas.com.br\/wp-content\/uploads\/2021\/09\/SiteSeguro03-300x104.jpg 300w\" sizes=\"auto, (max-width: 382px) 100vw, 382px\" \/><\/figure>\n<\/div>\n\n<div class=\"wp-block-image\">\n<figure class=\"aligncenter size-full\"><img loading=\"lazy\" decoding=\"async\" width=\"314\" height=\"200\" src=\"https:\/\/loja.hunas.com.br\/wp-content\/uploads\/2021\/09\/site-seguro-certificado-ssl-.jpg\" alt=\"\" class=\"wp-image-901\" srcset=\"https:\/\/loja.hunas.com.br\/wp-content\/uploads\/2021\/09\/site-seguro-certificado-ssl-.jpg 314w, https:\/\/loja.hunas.com.br\/wp-content\/uploads\/2021\/09\/site-seguro-certificado-ssl--300x191.jpg 300w\" sizes=\"auto, (max-width: 314px) 100vw, 314px\" \/><\/figure>\n<\/div>","protected":false},"excerpt":{"rendered":"<p>Descubra a beleza e a singularidade dos nossos acess\u00f3rios artesanais, feitos com dedica\u00e7\u00e3o, amor e alma! Cada pe\u00e7a \u00e9 \u00fanica, refletindo o talento e a criatividade que colocamos em cada cria\u00e7\u00e3o. \u2728 Por que escolher nossos acess\u00f3rios? Explore nossa cole\u00e7\u00e3o e encontre aquela pe\u00e7a que vai transformar o seu look! \ud83c\udf38 [Confira nossas novidades!] \ud83c\udf38 [&hellip;]<\/p>\n","protected":false},"author":1,"featured_media":0,"parent":0,"menu_order":0,"comment_status":"closed","ping_status":"closed","template":"","meta":{"footnotes":""},"class_list":["post-57","page","type-page","status-publish","hentry"],"aioseo_notices":[],"jetpack_sharing_enabled":true,"jetpack_likes_enabled":true,"jetpack_shortlink":"https:\/\/wp.me\/PgCj7P-V","_links":{"self":[{"href":"https:\/\/loja.hunas.com.br\/index.php\/wp-json\/wp\/v2\/pages\/57","targetHints":{"allow":["GET"]}}],"collection":[{"href":"https:\/\/loja.hunas.com.br\/index.php\/wp-json\/wp\/v2\/pages"}],"about":[{"href":"https:\/\/loja.hunas.com.br\/index.php\/wp-json\/wp\/v2\/types\/page"}],"author":[{"embeddable":true,"href":"https:\/\/loja.hunas.com.br\/index.php\/wp-json\/wp\/v2\/users\/1"}],"replies":[{"embeddable":true,"href":"https:\/\/loja.hunas.com.br\/index.php\/wp-json\/wp\/v2\/comments?post=57"}],"version-history":[{"count":71,"href":"https:\/\/loja.hunas.com.br\/index.php\/wp-json\/wp\/v2\/pages\/57\/revisions"}],"predecessor-version":[{"id":2469,"href":"https:\/\/loja.hunas.com.br\/index.php\/wp-json\/wp\/v2\/pages\/57\/revisions\/2469"}],"wp:attachment":[{"href":"https:\/\/loja.hunas.com.br\/index.php\/wp-json\/wp\/v2\/media?parent=57"}],"curies":[{"name":"wp","href":"https:\/\/api.w.org\/{rel}","templated":true}]}}