{"id":3,"date":"2020-09-17T21:13:27","date_gmt":"2020-09-18T00:13:27","guid":{"rendered":"http:\/\/loja.hunas.com.br\/?page_id=3"},"modified":"2023-02-07T09:54:53","modified_gmt":"2023-02-07T12:54:53","slug":"politica-de-privacidade","status":"publish","type":"page","link":"https:\/\/loja.hunas.com.br\/index.php\/politica-de-privacidade\/","title":{"rendered":"Pol\u00edtica de privacidade"},"content":{"rendered":"\n<h1 class=\"wp-block-heading\"><strong>Pedidos seguros e op\u00e7\u00f5es de pagamento<\/strong><\/h1>\n\n\n\n<h4 class=\"wp-block-heading\"><strong>Mantemos todos os crit\u00e9rios de seguran\u00e7a e \u00e9tica.<\/strong><\/h4>\n\n\n\n<h1 class=\"has-text-align-left wp-block-heading\"><strong>Retorno e reembolso<\/strong><\/h1>\n\n\n\n<p><strong>A Hunas garante a completa satisfa\u00e7\u00e3o de seus clientes quanto \u00e0 qualidade e proced\u00eancia de seus produtos.&nbsp;Nossa miss\u00e3o \u00e9 garantir aos nossos clientes a tranquilidade e experi\u00eancia de compra perfeita, condizente com a fun\u00e7\u00e3o de nossos produtos, que \u00e9 a&nbsp;de harmonizar&nbsp;e tratar o ser humano de forma hol\u00edstica e natural.&nbsp;<\/strong><\/p>\n\n\n\n<p><strong>Conforme C\u00f3digo de defesa do consumidor, a Hunas garante que: &#8220;O consumidor pode desistir do contrato, no prazo de 7 dias a contar de sua assinatura ou do ato de recebimento do produto ou servi\u00e7o.\u00a0Se o consumidor exercitar o direito de arrependimento previsto neste artigo, os valores eventualmente pagos, a qualquer t\u00edtulo, durante o prazo de reflex\u00e3o, ser\u00e3o devolvidos, de imediato, monetariamente atualizados.&#8221;\u00a0O arrependimento \u00e9 imotivado, vale dizer, o consumidor n\u00e3o precisa justificar o motivo pelo qual desiste da compra. Dentro deste per\u00edodo de 7 dias, o cliente pode requerer a devolu\u00e7\u00e3o do valor pago pelo produto, exceto frete, ou a troca por outro produto igual ou similar (com mesmo valor, em caso de outro valor receber\u00e1 ou pagar\u00e1 a diferen\u00e7a, ser\u00e1 comprado o frete de devolu\u00e7\u00e3o e reenvio )<\/strong>.<\/p>\n\n\n\n<p><strong>Estamos a disposi\u00e7\u00e3o para qualquer esclarecimento.<\/strong><\/p>\n","protected":false},"excerpt":{"rendered":"<p>Pedidos seguros e op\u00e7\u00f5es de pagamento Mantemos todos os crit\u00e9rios de seguran\u00e7a e \u00e9tica. Retorno e reembolso A Hunas garante a completa satisfa\u00e7\u00e3o de seus clientes quanto \u00e0 qualidade e proced\u00eancia de seus produtos.&nbsp;Nossa miss\u00e3o \u00e9 garantir aos nossos clientes a tranquilidade e experi\u00eancia de compra perfeita, condizente com a fun\u00e7\u00e3o de nossos produtos, que [&hellip;]<\/p>\n","protected":false},"author":1,"featured_media":0,"parent":0,"menu_order":0,"comment_status":"closed","ping_status":"closed","template":"","meta":{"footnotes":""},"class_list":["post-3","page","type-page","status-publish","hentry"],"aioseo_notices":[],"jetpack_sharing_enabled":true,"jetpack_likes_enabled":true,"jetpack_shortlink":"https:\/\/wp.me\/PgCj7P-3","_links":{"self":[{"href":"https:\/\/loja.hunas.com.br\/index.php\/wp-json\/wp\/v2\/pages\/3","targetHints":{"allow":["GET"]}}],"collection":[{"href":"https:\/\/loja.hunas.com.br\/index.php\/wp-json\/wp\/v2\/pages"}],"about":[{"href":"https:\/\/loja.hunas.com.br\/index.php\/wp-json\/wp\/v2\/types\/page"}],"author":[{"embeddable":true,"href":"https:\/\/loja.hunas.com.br\/index.php\/wp-json\/wp\/v2\/users\/1"}],"replies":[{"embeddable":true,"href":"https:\/\/loja.hunas.com.br\/index.php\/wp-json\/wp\/v2\/comments?post=3"}],"version-history":[{"count":4,"href":"https:\/\/loja.hunas.com.br\/index.php\/wp-json\/wp\/v2\/pages\/3\/revisions"}],"predecessor-version":[{"id":1597,"href":"https:\/\/loja.hunas.com.br\/index.php\/wp-json\/wp\/v2\/pages\/3\/revisions\/1597"}],"wp:attachment":[{"href":"https:\/\/loja.hunas.com.br\/index.php\/wp-json\/wp\/v2\/media?parent=3"}],"curies":[{"name":"wp","href":"https:\/\/api.w.org\/{rel}","templated":true}]}}